
24
In base 12, what is 4 - -42?
46
In base 6, what is 114 - 15?
55
In base 11, what is -1 + 30?
2a
In base 10, what is -5 - -32?
27
In base 6, what is -1140 - 3?
-1143
In base 9, what is 0 - -211?
211
In base 7, what is 5 - -20?
25
In base 4, what is -210 + 11?
-133
In base 12, what is -259 + 0?
-259
In base 5, what is -112 + 11?
-101
In base 3, what is -1 + -220211?
-220212
In base 10, what is 24 - 1?
23
In base 2, what is 101 + 0?
101
In base 4, what is -11 + -10022?
-10033
In base 11, what is 5 + 5?
a
In base 6, what is 1 - 504?
-503
In base 9, what is -247 + 5?
-242
In base 3, what is -10 + 1110?
1100
In base 7, what is -16 - -244?
225
In base 12, what is -5 - -56?
51
In base 5, what is 2010 - 10?
2000
In base 12, what is 8a - -3?
91
In base 16, what is -2 + -1225?
-1227
In base 16, what is 27 - 3?
24
In base 10, what is 19 - -14?
33
In base 7, what is 1 + -306?
-305
In base 3, what is 10212121 + -21?
10212100
In base 15, what is 6 - 4c?
-46
In base 4, what is 3310 + 11?
3321
In base 16, what is 4 - 3d?
-39
In base 11, what is 0 + -5?
-5
In base 3, what is -111121 - 10?
-111201
In base 11, what is 66 - -1?
67
In base 16, what is -1f + 9?
-16
In base 12, what is 2 - 561?
-55b
In base 14, what is 237 - -2?
239
In base 2, what is -10100110101010 - -100?
-10100110100110
In base 14, what is 32b + 5?
332
In base 6, what is -11241 - 2?
-11243
In base 2, what is -1000100101101 + -11?
-1000100110000
In base 10, what is 53 - -12?
65
In base 6, what is -323 + 202?
-121
In base 11, what is 4 + 432?
436
In base 15, what is -6e - 1?
-70
In base 14, what is 1557 + 6?
155d
In base 15, what is -cb0 - -3?
-cac
In base 13, what is 11 - a?
4
In base 13, what is -2a + 2?
-28
In base 9, what is 0 + 37?
37
In base 3, what is 1102 + -11?
1021
In base 15, what is -1 - -b4b?
b4a
In base 5, what is -2101 - 2?
-2103
In base 11, what is 536 - -3?
539
In base 6, what is -45144 - -2?
-45142
In base 12, what is 1b3 - 7?
1a8
In base 12, what is -77a - -1?
-779
In base 9, what is -1073 - 5?
-1078
In base 12, what is -45 - -52?
9
In base 7, what is 1064 + 4?
1101
In base 14, what is 1 + -a?
-9
In base 4, what is -102 + 100?
-2
In base 6, what is 25 - -24?
53
In base 14, what is -65 - 3?
-68
In base 14, what is 5 + 17b?
182
In base 6, what is 110313 + 2?
110315
In base 13, what is -5 - -c5?
c0
In base 2, what is 1 + 10111100001?
10111100010
In base 12, what is -52 - 13?
-65
In base 16, what is 69 + 0?
69
In base 11, what is 15 + -19?
-4
In base 10, what is -23044 + 2?
-23042
In base 9, what is -6 + -187?
-204
In base 11, what is -147 + -4?
-150
In base 16, what is 1 - -72?
73
In base 4, what is -1313 - 302?
-2221
In base 10, what is -10 + -1383?
-1393
In base 2, what is 1000 + 100111100?
101000100
In base 9, what is 0 - -446?
446
In base 15, what is -8e + 0?
-8e
In base 7, what is 31 + -125?
-64
In base 13, what is 5 + a3?
a8
In base 8, what is -773 + -14?
-1007
In base 3, what is -101 - -10002?
2201
In base 16, what is -18c - -2?
-18a
In base 9, what is -143 - -4?
-138
In base 4, what is 1021210 + -1?
1021203
In base 9, what is 1100 + 4?
1104
In base 12, what is 2a + -3?
27
In base 15, what is -10 - 6c?
-7c
In base 12, what is -a + -25?
-33
In base 8, what is -5 + 64?
57
In base 16, what is -10 - 13?
-23
In base 12, what is -1392 + -5?
-1397
In base 3, what is -1 - -2010222?
2010221
In base 5, what is 10 - 2022?
-2012
In base 6, what is -2 + 243?
241
In base 16, what is -74c - 4?
-750
In base 9, what is 24 + 6?
31
In base 11, what is 1 - 215a?
-2159
In base 9, what is 7578 + 0?
7578
In base 8, what is -507 + 0?
-507
In base 9, what is -3 + -3227?
-3231
In base 2, what is -1010100001010101 - 0?
-1010100001010101
In base 16, what is -1e - -b?
-13
In base 14, what is -8 + -5?
-d
In base 12, what is 5 - -13a?
143
In base 5, what is 2410 + 10?
2420
In base 8, what is 3 + -350?
-345
In base 13, what is -162 + -15?
-177
In base 15, what is 2 - -17?
19
In base 14, what is 2 - -b1?
b3
In base 15, what is 23d + 3?
241
In base 15, what is -3 - -4c?
49
In base 14, what is 7d1 - 5?
7ca
In base 7, what is -245 - -6?
-236
In base 2, what is 1001001 + 0?
1001001
In base 16, what is -5 + 1a5?
1a0
In base 15, what is 9c + -4?
98
In base 11, what is -1991 - -1?
-1990
In base 13, what is -1 - 3190?
-3191
In base 10, what is -6 - 568?
-574
In base 3, what is 12201 + -10?
12121
In base 9, what is -146 + -38?
-185
In base 11, what is 2 - 305?
-303
In base 11, what is a82 - -2?
a84
In base 9, what is 1120 + 2?
1122
In base 12, what is 5 - -39?
42
In base 15, what is -a - 70?
-7a
In base 14, what is -359 - 2?
-35b
In base 9, what is 3 + 350?
353
In base 5, what is 4 + -443?
-434
In base 14, what is 0 - 30?
-30
In base 14, what is 4 - 5d?
-59
In base 13, what is -4 + 442?
43b
In base 6, what is -5 - -5?
0
In base 7, what is 4 + -134?
-130
In base 12, what is -22 - 12?
-34
In base 6, what is 0 - -15530?
15530
In base 3, what is -1011000 + -1?
-1011001
In base 14, what is 28 + 8?
32
In base 6, what is 451 + 32?
523
In base 5, what is 12 - 40?
-23
In base 16, what is 7 + -4a?
-43
In base 7, what is 15225 - 4?
15221
In base 8, what is -3 + -5?
-10
In base 6, what is 4 - -100?
104
In base 2, what is -10 + 100011011101?
100011011011
In base 10, what is -547 + 17?
-530
In base 14, what is -8 + 7?
-1
In base 7, what is 11 + -162?
-151
In base 16, what is 3 - b00?
-afd
In base 2, what is 100010011 - 110?
100001101
In base 15, what is 4 + d08?
d0c
In base 2, what is -1100100 - 11?
-1100111
In base 9, what is -343 - 35?
-378
In base 5, what is -132203 + -10?
-132213
In base 12, what is 67a + 1?
67b
In base 2, what is -10011 - 1101100?
-1111111
In base 15, what is 1 - c?
-b
In base 4, what is -11 + 20013?
20002
In base 3, what is 11 - 1010012?
-1010001
In base 2, what is -10 - -1001000?
1000110
In base 12, what is -4 - -10a?
106
In base 3, what is -2101 - -20?
-2011
In base 9, what is 12 - -23?
35
In base 16, what is 2 + -31?
-2f
In base 2, what is 1001010 - 10?
1001000
In base 12, what is -7 + 2a8?
2a1
In base 3, what is 10 + 1122?
1202
In base 15, what is -a8 - -19?
-8e
In base 3, what is 0 + 1010?
1010
In base 3, what is -10 + -1?
-11
In base 11, what is -a + 220?
211
In base 3, what is -10012 - 1?
-10020
In base 4, what is 111 - 22?
23
In base 14, what is 2 + 200?
202
In base 16, what is -b + -3?
-e
In base 3, what is -220 + 11212?
10222
In base 4, what is -13 + -122?
-201
In base 14, what is 2 + -2a6?
-2a4
In base 6, what is -1122 - 4?
-1130
In base 15, what is -3 - 48?
-4b
In base 7, what is -322 + -24?
-346
In base 11, what is -231 - 2?
-233
In base 16, what is 44b - 5?
446
In base 16, what is 1 - 269?
-268
In base 9, what is -1 - 603?
-604
In base 5, what is 223 + 11?
234
In base 14, what is -401 + -8?
-409
In base 14, what is -4 - -30?
2a
In base 12, what is -b + -25?
-34
In base 5, what is 4 + 1224?
1233
In base 5, what is 122030 - -1?
122031
In base 10, what is -5 + 2238?
2233
In base 13, what is -4c - 6?
-55
In base 10, what is -5 + -51?
-56
In base 10, what is -50 + 7?
-43
In base 3, what is 2 - 1022?
-1020
In base 14, what is 1 - -247b?
247c
In base 15, what is -2 - 36?
-38
In base 12, what is -665 - -1?
-664
In base 5, what is -10 - 20110?
-20120
In base 14, what is 363 - 0?
363
In base 6, what is 10141 + -5?
10132
In base 5, what is -1 + -11123?
-11124
In base 15, what is 0 + 4?
4
In base 3, what is 2201 - -2?
2210
In base 11, what is -98a9 + 3?
-98a6
In base 4, what is -12 + -103?
-121
In base 15, what is -5 - -1dc?
1d7
In base 10, what is 373 - -2?
375
In base 5, what is -10 - -4410?
4400
In base 7, what is 34 + 4?
41
In base 4, what is -111 + 321?
210
In base 7, what is -11 - 1202?
-1213
In base 12, what is -4 + aa0?
a98
In base 13, what is -1 - 190?
-191
In base 8, what is 7265 + -3?
7262
In base 6, what is 12 + 111?
123
In base 13, what is 3 + 91?
94
In base 11, what is 8 + -13?
-6
In base 9, what is 0 + 3723?
3723
In base 6, what is 1004 + -3?
1001
In base 6, what is -303 + -4?
-311
In base 14, what is 3 - 135?
-132
In base 3, what is -1 - -100001?
100000
In base 9, what is -6 - 263?
-270
In base 6, what is -423 + -5?
-432
In base 7, what is -102 - 0?
-102
In base 16, what is -d6 - -3?
-d3
In base 8, what is -25 - 64?
-111
In base 5, what is 12212 - 10?
12202
In base 9, what is -5 + 